. Let o(w) = 2*f(w) + r(w). Let j be (-2)/4 - (-15)/2. Let i be o(j). Let b(s) = s - 2. Calculate b(i).
0
Suppose -5*y + 14 = c, 5*y - 28 = y - 5*c. Let z(a) = -a - 2 - 1 + 7*a**y + 1 + 1. Determine z(-1).
7
Let k(p) = 11*p**2 + 2*p - 2. Suppose -v = v - 4. Let s(w) = -7*w - 34*w**2 + 2 + 0 + 5. Let l(r) = v*s(r) + 7*k(r). Determine l(-1).
9
Let n = 7 + -5. Suppose 0 = a + n - 0. Let y be a/9 + (-86)/18. Let u(x) = x**2 + 4*x - 1. Calculate u(y).
4
Let w(v) be the second derivative of 1/6*v**3 + 3*v + 0 - 1/2*v**2. Calculate w(1).
0
Let g(m) = m**2 + 7. Let u(h) = h - 16. Let r be u(16). Calculate g(r).
7
Let u(f) be the third derivative of 0 + 0*f - 3*f**2 + 1/6*f**3 - 1/24*f**4. Calculate u(-2).
3
Let d(r) = -r**3 + r - 15. Let m be 8/(-10) - 12/(-15). What is d(m)?
-15
Let i(g) be the first derivative of g**6/180 + g**5/120 + 5*g**3/3 + 1. Let f(r) be the third derivative of i(r). What is f(-1)?
1
Let k(l) = l**2 - 3*l. Let j(c) = -c**2 - 5*c - 3. Let q be 1*3*-1*1. Let t be j(q). Determine k(t).
0
Let w(c) = c**2 - 3*c + 2. Suppose 4*a - 2*k - 18 = 0, -3*a - 1 = -5*k - 18. Suppose a*g + 36 = -16. Let u be g/(-3) - (-6)/(-18). Determine w(u).
6
Let r(y) = -y**3 - 2. Let j be r(-2). Let c(t) = 3*t + 3*t - 4*t - j*t. Let z(f) = -7*f. Let q(b) = 5*c(b) - 3*z(b). Calculate q(0).
0
Let q(h) be the second derivative of -h**3/6 - h**2 + 15*h. Give q(5).
-7
Let j be -1 - (-2 - -1 - 0). Let a(x) be the first derivative of 4*x**3/3 + 3*x - 3. Let g(v) = -9*v**2 - 6. Let r(y) = 7*a(y) + 3*g(y). Calculate r(j).
3
Suppose 0 = 3*x - 2*x - 26. Suppose -2*a - 5*y = -4*a + x, 2*y + 8 = 0. Let d(w) = w - 2. What is d(a)?
1
Let f be -5 + 2 - -1 - -2. Let j(h) = h**3 + f + 9 - 3 + h**2 + 1. Calculate j(0).
7
Let y be (-2)/1 - 30/(-6). Let d(l) = -l**3 + 5*l**2 - 4*l + 2. Calculate d(y).
8
Let v(l) = 20 - 13 - 3*l - 3*l. Let r(z) = 7*z - 8. Let i(k) = -5*r(k) - 6*v(k). Give i(0).
-2
Let l(j) = -j. Let c(m) = 12*m - 1. Let g = 4 - -1. Suppose 2*n - 4*i = -8, 7 + 0 = g*n - i. Let b(x) = n*c(x) + 22*l(x). Determine b(4).
6
Suppose -3*j - 16 = -7*j. Let z(u) = 0*u - 9 - 2*u + 3*u. What is z(j)?
-5
Let n(w) be the second derivative of -w**3/6 + 9*w**2/2 + 19*w. Calculate n(8).
1
Let c(m) = 5*m - 13. Let z(l) = 9*l - 39. Let r be (40/12)/((-2)/3). Let u(f) = -f. Let h(s) = r*u(s) + z(s). Let n(b) = 17*c(b) - 6*h(b). Calculate n(0).
13
Let b(j) = j. Let g(o) = -1. Let x(r) = 6*b(r) + g(r). Calculate x(2).
11
Let y(a) = 7*a - 12. Let i(b) = -6*b + 11. Let g(v) = 6*i(v) + 5*y(v). Let x be g(0). Let s(z) = -z + 3. Calculate s(x).
-3
Let z(u) be the second derivative of u**5/20 + u**4/2 + 5*u**3/6 + 5*u**2/2 - 16*u. Give z(-5).
5
Let x = -2 - 1. Let n(d) = d**3. Let w(l) = 3*l**3 - l**2 + 2*l - 3. Let t(r) = 4*n(r) - w(r). Give t(x).
-9
Let t(b) = -b**2 + b + 3. Let w(y) = -y**2 + 6 + 8*y - y**3 + 0*y + 9*y**2. Let q be w(9). Let r be -1 + q*3/(-9). Give t(r).
3
Suppose 0 = 5*b - 2*p - 3*p - 20, -3*b - 3 = 2*p. Let y = -2 - b. Let q(x) be the first derivative of -x**4/4 - x**3 - 3*x**2/2 - 2*x - 18. Determine q(y).
7
Let f(x) = -1 - 10*x - 2 + x + 8*x. What is f(-3)?
0
Let o = 2 + 0. Let q be (o*4)/((-10)/(-55)). Suppose 3*c = -p + 18, -4 = 5*c + 5*p - q. Let x(g) = g**2 - 6*g + 6. Calculate x(c).
1
Let l(p) = p - 2*p - 38 + 72 - 29. Calculate l(4).
1
Let u(w) = -w**2 + 6*w + 3. Suppose -4*v = -2*y + 10, -3*y + 2*v - 6*v = -15. Suppose y*c - 4 = t + 15, 5*t = -4*c + 50. Determine u(t).
3
Let d(n) = -4*n**2 - 7*n - 6. Let m(u) = 6*u**2 + 10*u + 8. Let x(b) = 7*d(b) + 5*m(b). Give x(-2).
4
Let b(k) be the third derivative of -2/3*k**3 - 1/120*k**6 + 0 + 4*k**2 - 1/12*k**4 - 1/12*k**5 + 0*k. Determine b(-5).
6
Let w(p) = -p + 4. Let o = -14 - -17. Suppose o*h - 2*b - 10 = 0, 3*h - 5*b = 4*h - 26. Calculate w(h).
-2
Let w(c) = -4*c + 11. Let a(p) = 2*p - 5. Let v(b) = 7*a(b) + 3*w(b). Suppose 26*s = 128 + 28. Give v(s).
10
Let x = -2 + 4. Let l(f) = f**3 - 3*f + 1. Let d be l(x). Let p(c) = -1 - 6*c - 4*c**2 + 3*c + 0*c**2 - c**d + 0*c**3. Calculate p(-3).
-1
Let x(z) be the first derivative of -z**3 + 1. Suppose -3*o = -4*h + 17, 22 + 3 = 5*o + 4*h. Determine x(o).
-3
Let y(s) = 0 + s + 2 - 2*s. Suppose -6*u + 2*u - 6 = 2*i, -i - 3 = -2*u. Calculate y(i).
5
Suppose 0 = n - 5 - 1. Let t be 2/(4/n - 0). Let v be 0*(2 - t/2). Let a(w) = w - 1. What is a(v)?
-1
Suppose 4*l - 36 + 12 = 0. Let b = l - 4. Let w(f) = -f**3 + 2*f**2 - 3*f. Determine w(b).
-6
Let n(m) = m + 8. Let q be 31/(-4) + (-12)/48. Give n(q).
0
Let q be (-1)/(-4) + 17/(-4). Let h = 2 + q. Let l(g) be the first derivative of g**2 + 3*g + 5. Calculate l(h).
-1
Let y(c) be the third derivative of c**5/60 + c**4/24 - c**3/6 + 5*c**2. Let v(i) be the first derivative of y(i). Give v(2).
5
Let a(g) = -19*g + 11. Let y(l) = -10*l + 6. Let t(s) = 3*a(s) - 5*y(s). Determine t(2).
-11
Suppose -2*b + 4 = -5*c, 3*b - 3*c - 6 = c. Let l(w) = 3*w + 1. Give l(b).
7
Suppose -5 = 3*g - 14. Suppose 0 = g*y - 8*y + 25. Let w(i) = y - 1 + 3*i + i**2 - 4*i. Give w(0).
4
Let i be ((-1)/(-1))/(1/27). Suppose 4*m - 20 = 0, t + 4*m + m = i. Let g(u) = -u**2 + 2*u - u - t*u + 3. Give g(0).
3
Let h(v) = 10*v + 29. Let b(s) = 2*s + 7. Let r(l) = -9*b(l) + 2*h(l). Give r(6).
7
Let k(i) be the third derivative of -i**4/24 + i**3/2 + 5*i**2. Give k(-4).
7
Let f(k) = k - 1. Let v(x) = -17. Let c(z) = -4*f(z) + v(z). Let i(q) = 2*q + 7. Let y = -2 + -4. Let n(w) = y*c(w) - 11*i(w). Determine n(-1).
-1
Let h(t) = -4*t**3 - t**2 + 2*t - 1. Suppose -2*c + 4*y = 0, 3*c + 0 + 5 = y. Let u(j) = j**3 + j**2 - 1. Let k(m) = c*u(m) - h(m). Give k(2).
11
Let n(s) = -9*s**2 - s + 1. Let v = 10 - 9. Calculate n(v).
-9
Let a(j) = j**3 + 5*j**2 + j + 1. Suppose 3*b - 8*b = 3*g - 104, 0 = 3*b + 3*g - 60. Let x be 2/(-6) - b/6. Determine a(x).
13
Let c(a) be the first derivative of -1/6*a**3 - 3 - 1/2*a**2 + 1/12*a**4 + 2*a. Let y(d) be the first derivative of c(d). Give y(2).
1
Let b(n) be the second derivative of -n**4/12 - n**3 + n. Let g be b(-6). Suppose 5*j - 5 = -3*k - 3, -2*k - 4*j = g. Let w(t) = t**2 - 6*t + 6. Determine w(k).
-2
Suppose -3*r - 11 = -2. Let g be (r/12)/(4/(-48)). Let i(y) = -y**3 + 3*y**2. Give i(g).
0
Let t(r) = 2*r. Suppose c = 2*n + 4, -5*c + 1 = -4*n - 1. Let j(d) = -d**3 - 4*d**2 - 4*d - 2. Let i be j(c). Give t(i).
-4
Let m = 9 - 7. Let v(u) = 2*u + u + 2 + m. Determine v(-3).
-5
Let a be (-1)/(-3) - (-7)/(-3). Suppose 3*y + 24 = y + 3*q, 4 = 2*q. Let w(i) = 7*i + 7. Let t(h) = -3*h - 3. Let v(n) = y*t(n) - 4*w(n). Give v(a).
1
Let i(k) = -k**2 + 3*k + 5. Let s be -40*(-1)/8*-4. Let n = 25 + s. What is i(n)?
-5
Let j be 6 - -5*2/(-10). Let t(h) = -h + 1. Calculate t(j).
-4
Let p(j) be the first derivative of 1/3*j**3 - 1/2*j**2 - 4 - 13*j. Calculate p(0).
-13
Let p(v) be the second derivative of 0 - 1/20*v**5 + 5/2*v**2 - 9*v - 1/3*v**4 + 5/6*v**3. Calculate p(-5).
5
Let j(r) = -4 - 3*r + 2*r**2 + 2*r**3 + 0 + 1 + 0*r**2. Let p(x) = x**3 + 3*x**2 + 2*x - 2. Let h be p(-2). What is j(h)?
-5
Let k(z) = 7*z**2 - z**3 - 14*z**2 + 0*z**3 - 8*z - 9. Give k(-6).
3
Let v(n) = -n + 3. Let m be -2 + (-4 - 2)/((-6)/(-4)). What is v(m)?
9
Suppose 0 = -z + 4*c - c - 3, 0 = 2*z - 2*c + 6. Let y(d) = -1. Let g(j) = j + 11. Let a(n) = g(n) + 5*y(n). Determine a(z).
3
Let o(y) = -y - 1. Let i(r) = -4*r - 3. Let t(v) = i(v) - 3*o(v). Suppose 0 = 4*a - 3*a. Suppose -2*k - 4*m - 4 = a, 4*k + 2*m - m = 13. Determine t(k).
-4
Let v be ((-2)/4)/(1/(-4)). Suppose 2 = v*l - 2. Suppose -4*i + 2*h = 7*h + 10, -l*h = 2*i + 6. Let a(b) = 2*b + 7. Calculate a(i).
-3
Let o(w) = 2*w + 5. Let r be (-96)/(-15) - 8/20. Suppose 2*q + 3*t - r*t = -22, 0 = -5*q + t - 29. What is o(q)?
-5
Let g(t) = t - 3. Let y(p) = -p**2 - p + 3. Suppose q = -3 + 6. Let n be y(q). Let m = -5 - n. Give g(m).
1
Let c(y) = y**2 + 2*y + 1. Let n(q) = q**2 + q - 2. Let f be n(0). Let t = 0 - f. Suppose -1 - t = g. Determine c(g).
4
Suppose 3*h = s - 12, -40 = -5*s + 2*h + 3*h. Let c(k) = -6*k**3 + 5*k**3 + 3 + 1 - s*k**2 - 6*k. Give c(-5).
9
Let c(m) = -2*m + 6. Let n be c(5). Let o(h) = -h**3 - 3*h**2 + 3*h + 1. Determine o(n).
5
Let r(w) = w**2 + 4*w - 5. Suppose 4 = -2*t - 2*s, -4*t + 4*s - 28 = 4. What is r(t)?
0
Let l = 8 - 6. Suppose 5*n + 0*n = -5*j, -n + l = 2*j. Let t(x)